{"id":504,"date":"2020-06-12T09:10:02","date_gmt":"2020-06-12T09:10:02","guid":{"rendered":"https:\/\/hof-battaglia.ch\/landwirtschaft\/?page_id=504"},"modified":"2020-12-06T12:37:16","modified_gmt":"2020-12-06T12:37:16","slug":"betriebsleiter","status":"publish","type":"page","link":"https:\/\/hof-battaglia.ch\/landwirtschaft\/betriebsleiter\/","title":{"rendered":"Betriebsleitung"},"content":{"rendered":"<div class=\"wpb-content-wrapper\"><p>[vc_row css_animation=&#8220;&#8220; row_type=&#8220;row&#8220; use_row_as_full_screen_section=&#8220;no&#8220; type=&#8220;grid&#8220; angled_section=&#8220;no&#8220; text_align=&#8220;left&#8220; background_image_as_pattern=&#8220;without_pattern&#8220; z_index=&#8220;&#8220; css=&#8220;.vc_custom_1597413626521{padding-top: 100px !important;}&#8220;][vc_column][qode_elements_holder number_of_columns=&#8220;one_column&#8220;][qode_elements_holder_item advanced_animations=&#8220;no&#8220;][vc_column_text]<\/p>\n<h2>Betriebsleitung<\/h2>\n<p>[\/vc_column_text][vc_empty_space height=&#8220;25px&#8220;][vc_column_text]Im Juni 2019 haben wir den Bio-Betrieb im Solothurner Jura \u00fcbernommen. F\u00fcr den landwirtschaftlichen Bereich ist haupts\u00e4chlich Ruedi verantwortlich, unterst\u00fctzt durch Karin.[\/vc_column_text][vc_empty_space height=&#8220;34px&#8220;][vc_column_text]F\u00fcr den Bereich \u00abPferde und Ausbildung\u00bb ist Karin zust\u00e4ndig, welche bereits in Graub\u00fcnden \u00fcber 10 Jahre lang als selbstst\u00e4ndiger Pferdetrainerin gearbeitet hat.[\/vc_column_text][vc_empty_space height=&#8220;34px&#8220;][vc_column_text]Auf dem Betrieb wollen wir den Erhalt alter Tierrassen f\u00f6rdern und z\u00fcchten daher die \u00abPro Spezia Rara\u00bb. Rassen \u00abEvol\u00e9ner\u00bb und \u00abB\u00fcndner Oberl\u00e4nder Schafe\u00bb.[\/vc_column_text][vc_empty_space height=&#8220;30px&#8220;][\/qode_elements_holder_item][\/qode_elements_holder][\/vc_column][\/vc_row][vc_row css_animation=&#8220;&#8220; row_type=&#8220;row&#8220; use_row_as_full_screen_section=&#8220;no&#8220; type=&#8220;grid&#8220; angled_section=&#8220;no&#8220; text_align=&#8220;left&#8220; background_image_as_pattern=&#8220;without_pattern&#8220; z_index=&#8220;&#8220; css=&#8220;.vc_custom_1597413604679{padding-top: 100px !important;}&#8220;][vc_column width=&#8220;1\/2&#8243;][qode_elements_holder number_of_columns=&#8220;one_column&#8220;][qode_elements_holder_item advanced_animations=&#8220;no&#8220;][vc_single_image image=&#8220;639&#8243; img_size=&#8220;550&#215;700&#8243; qode_css_animation=&#8220;&#8220;][\/qode_elements_holder_item][\/qode_elements_holder][\/vc_column][vc_column width=&#8220;1\/2&#8243;][qode_elements_holder number_of_columns=&#8220;one_column&#8220;][qode_elements_holder_item advanced_animations=&#8220;no&#8220;][vc_single_image image=&#8220;640&#8243; img_size=&#8220;full&#8220; qode_css_animation=&#8220;&#8220;][\/qode_elements_holder_item][\/qode_elements_holder][\/vc_column][\/vc_row][vc_row css_animation=&#8220;&#8220; row_type=&#8220;row&#8220; use_row_as_full_screen_section=&#8220;no&#8220; type=&#8220;full_width&#8220; angled_section=&#8220;no&#8220; text_align=&#8220;left&#8220; background_image_as_pattern=&#8220;without_pattern&#8220;][vc_column][vc_empty_space height=&#8220;250px&#8220;][\/vc_column][\/vc_row]<\/p>\n<\/div>","protected":false},"excerpt":{"rendered":"<p>[vc_row css_animation=&#8220;&#8220; row_type=&#8220;row&#8220; use_row_as_full_screen_section=&#8220;no&#8220; type=&#8220;grid&#8220; angled_section=&#8220;no&#8220; text_align=&#8220;left&#8220; background_image_as_pattern=&#8220;without_pattern&#8220; z_index=&#8220;&#8220; css=&#8220;.vc_custom_1597413626521{padding-top: 100px !important;}&#8220;][vc_column][qode_elements_holder number_of_columns=&#8220;one_column&#8220;][qode_elements_holder_item advanced_animations=&#8220;no&#8220;][vc_column_text] Betriebsleitung [\/vc_column_text][vc_empty_space height=&#8220;25px&#8220;][vc_column_text]Im Juni 2019 haben wir den Bio-Betrieb im Solothurner Jura \u00fcbernommen. F\u00fcr den landwirtschaftlichen Bereich ist haupts\u00e4chlich Ruedi verantwortlich, unterst\u00fctzt durch Karin.[\/vc_column_text][vc_empty_space height=&#8220;34px&#8220;][vc_column_text]F\u00fcr den Bereich \u00abPferde und Ausbildung\u00bb ist&#8230;<\/p>\n","protected":false},"author":2,"featured_media":0,"parent":0,"menu_order":0,"comment_status":"closed","ping_status":"closed","template":"full_width.php","meta":{"footnotes":""},"class_list":["post-504","page","type-page","status-publish","hentry"],"_links":{"self":[{"href":"https:\/\/hof-battaglia.ch\/landwirtschaft\/wp-json\/wp\/v2\/pages\/504","targetHints":{"allow":["GET"]}}],"collection":[{"href":"https:\/\/hof-battaglia.ch\/landwirtschaft\/wp-json\/wp\/v2\/pages"}],"about":[{"href":"https:\/\/hof-battaglia.ch\/landwirtschaft\/wp-json\/wp\/v2\/types\/page"}],"author":[{"embeddable":true,"href":"https:\/\/hof-battaglia.ch\/landwirtschaft\/wp-json\/wp\/v2\/users\/2"}],"replies":[{"embeddable":true,"href":"https:\/\/hof-battaglia.ch\/landwirtschaft\/wp-json\/wp\/v2\/comments?post=504"}],"version-history":[{"count":14,"href":"https:\/\/hof-battaglia.ch\/landwirtschaft\/wp-json\/wp\/v2\/pages\/504\/revisions"}],"predecessor-version":[{"id":877,"href":"https:\/\/hof-battaglia.ch\/landwirtschaft\/wp-json\/wp\/v2\/pages\/504\/revisions\/877"}],"wp:attachment":[{"href":"https:\/\/hof-battaglia.ch\/landwirtschaft\/wp-json\/wp\/v2\/media?parent=504"}],"curies":[{"name":"wp","href":"https:\/\/api.w.org\/{rel}","templated":true}]}}

<div class="wpb-content-wrapper"><p>[vc_row css_animation=&#8220;&#8220; row_type=&#8220;row&#8220; use_row_as_full_screen_section=&#8220;no&#8220; type=&#8220;grid&#8220; angled_section=&#8220;no&#8220; text_align=&#8220;left&#8220; background_image_as_pattern=&#8220;without_pattern&#8220; z_index=&#8220;&#8220; css=&#8220;.vc_custom_1597413626521{padding-top: 100px !important;}&#8220;][vc_column][qode_elements_holder number_of_columns=&#8220;one_column&#8220;][qode_elements_holder_item advanced_animations=&#8220;no&#8220;][vc_column_text]</p>
<h2>Betriebsleitung</h2>
<p>[/vc_column_text][vc_empty_space height=&#8220;25px&#8220;][vc_column_text]Im Juni 2019 haben wir den Bio-Betrieb im Solothurner Jura übernommen. Für den landwirtschaftlichen Bereich ist hauptsächlich Ruedi verantwortlich, unterstützt durch Karin.[/vc_column_text][vc_empty_space height=&#8220;34px&#8220;][vc_column_text]Für den Bereich «Pferde und Ausbildung» ist Karin zuständig, welche bereits in Graubünden über 10 Jahre lang als selbstständiger Pferdetrainerin gearbeitet hat.[/vc_column_text][vc_empty_space height=&#8220;34px&#8220;][vc_column_text]Auf dem Betrieb wollen wir den Erhalt alter Tierrassen fördern und züchten daher die «Pro Spezia Rara». Rassen «Evoléner» und «Bündner Oberländer Schafe».[/vc_column_text][vc_empty_space height=&#8220;30px&#8220;][/qode_elements_holder_item][/qode_elements_holder][/vc_column][/vc_row][vc_row css_animation=&#8220;&#8220; row_type=&#8220;row&#8220; use_row_as_full_screen_section=&#8220;no&#8220; type=&#8220;grid&#8220; angled_section=&#8220;no&#8220; text_align=&#8220;left&#8220; background_image_as_pattern=&#8220;without_pattern&#8220; z_index=&#8220;&#8220; css=&#8220;.vc_custom_1597413604679{padding-top: 100px !important;}&#8220;][vc_column width=&#8220;1/2&#8243;][qode_elements_holder number_of_columns=&#8220;one_column&#8220;][qode_elements_holder_item advanced_animations=&#8220;no&#8220;][vc_single_image image=&#8220;639&#8243; img_size=&#8220;550&#215;700&#8243; qode_css_animation=&#8220;&#8220;][/qode_elements_holder_item][/qode_elements_holder][/vc_column][vc_column width=&#8220;1/2&#8243;][qode_elements_holder number_of_columns=&#8220;one_column&#8220;][qode_elements_holder_item advanced_animations=&#8220;no&#8220;][vc_single_image image=&#8220;640&#8243; img_size=&#8220;full&#8220; qode_css_animation=&#8220;&#8220;][/qode_elements_holder_item][/qode_elements_holder][/vc_column][/vc_row][vc_row css_animation=&#8220;&#8220; row_type=&#8220;row&#8220; use_row_as_full_screen_section=&#8220;no&#8220; type=&#8220;full_width&#8220; angled_section=&#8220;no&#8220; text_align=&#8220;left&#8220; background_image_as_pattern=&#8220;without_pattern&#8220;][vc_column][vc_empty_space height=&#8220;250px&#8220;][/vc_column][/vc_row]</p>
</div>

<p>[vc_row css_animation=&#8220;&#8220; row_type=&#8220;row&#8220; use_row_as_full_screen_section=&#8220;no&#8220; type=&#8220;grid&#8220; angled_section=&#8220;no&#8220; text_align=&#8220;left&#8220; background_image_as_pattern=&#8220;without_pattern&#8220; z_index=&#8220;&#8220; css=&#8220;.vc_custom_1597413626521{padding-top: 100px !important;}&#8220;][vc_column][qode_elements_holder number_of_columns=&#8220;one_column&#8220;][qode_elements_holder_item advanced_animations=&#8220;no&#8220;][vc_column_text] Betriebsleitung [/vc_column_text][vc_empty_space height=&#8220;25px&#8220;][vc_column_text]Im Juni 2019 haben wir den Bio-Betrieb im Solothurner Jura übernommen. Für den landwirtschaftlichen Bereich ist hauptsächlich Ruedi verantwortlich, unterstützt durch Karin.[/vc_column_text][vc_empty_space height=&#8220;34px&#8220;][vc_column_text]Für den Bereich «Pferde und Ausbildung» ist&#8230;</p>
