{"id":510,"date":"2020-06-12T09:13:54","date_gmt":"2020-06-12T09:13:54","guid":{"rendered":"https:\/\/hof-battaglia.ch\/landwirtschaft\/?page_id=510"},"modified":"2021-01-16T19:53:39","modified_gmt":"2021-01-16T19:53:39","slug":"buendner-oberlaender","status":"publish","type":"page","link":"https:\/\/hof-battaglia.ch\/landwirtschaft\/buendner-oberlaender\/","title":{"rendered":"B\u00fcndner Oberl\u00e4nder"},"content":{"rendered":"<div class=\"wpb-content-wrapper\"><p>[vc_row css_animation=&#8220;&#8220; row_type=&#8220;row&#8220; use_row_as_full_screen_section=&#8220;no&#8220; type=&#8220;grid&#8220; angled_section=&#8220;no&#8220; text_align=&#8220;center&#8220; background_image_as_pattern=&#8220;without_pattern&#8220; css=&#8220;.vc_custom_1519731206560{padding-top: 100px !important;}&#8220; z_index=&#8220;&#8220;][vc_column offset=&#8220;vc_col-md-6&#8243;][qode_elements_holder number_of_columns=&#8220;one_column&#8220;][qode_elements_holder_item horizontal_alignment=&#8220;left&#8220; advanced_animations=&#8220;no&#8220; item_padding=&#8220;25px 0px 0px 0px&#8220; item_padding_1280_1440=&#8220;0px 3% 0px 0px&#8220; item_padding_1024_1280=&#8220;0px 5% 0px 0px&#8220; item_padding_768_1024=&#8220;0px 2% 0px&#8220; item_padding_600_768=&#8220;0px 2% 92px&#8220; item_padding_480_600=&#8220;0px 0% 90px&#8220; item_padding_480=&#8220;0px 0% 90px&#8220;][vc_column_text]<\/p>\n<h2><strong>B\u00fcndner Oberl\u00e4nder Schafe<\/strong><\/h2>\n<p>[\/vc_column_text][vc_empty_space height=&#8220;25px&#8220;][vc_column_text]Das Schaf f\u00fcr Individualisten, jedes ein Unikat[\/vc_column_text][vc_empty_space height=&#8220;34px&#8220;][vc_column_text]Die Wurzeln des B\u00fcndner Oberl\u00e4nder Schaf gehen zur\u00fcck auf das Tavetscher \u2013 und Nalpser Schaf. Diese sind als Nachkommen des Torfschafes bekannt, welches in der Steinzeit in Europa verbreitet war. Von da hat es noch immer die Eigenschaften sehr robust, z\u00e4h anpassungsf\u00e4hig gen\u00fcgsam und gesund zu sein. Diese Eigenschaften nutzen wir und so sind unsere Schafe die besten Helfer bei der Arbeit exponierte, steile Weiden zu nutzen und zu Entbuschen.[\/vc_column_text][vc_empty_space height=&#8220;34px&#8220;][vc_column_text]Das Fleisch ist von hervorragender Qualit\u00e4t, zart, mager an Fett, feinfaserig und erinnert von der Farbe und Geschmack ein wenig an Wild.[\/vc_column_text][vc_empty_space height=&#8220;30px&#8220;][\/qode_elements_holder_item][\/qode_elements_holder][\/vc_column][vc_column offset=&#8220;vc_col-md-6&#8243;][qode_elements_holder number_of_columns=&#8220;one_column&#8220;][qode_elements_holder_item advanced_animations=&#8220;no&#8220; item_padding=&#8220;0px&#8220;][vc_empty_space][vc_single_image image=&#8220;720&#8243; img_size=&#8220;full&#8220; onclick=&#8220;custom_link&#8220; img_link_target=&#8220;_blank&#8220; qode_css_animation=&#8220;&#8220; link=&#8220;https:\/\/www.bo-schaf.ch\/pages\/home\/home.php&#8220;][vc_empty_space][vc_single_image image=&#8220;897&#8243; img_size=&#8220;full&#8220; qode_css_animation=&#8220;&#8220; qode_hover_animation=&#8220;zoom_in&#8220;][\/qode_elements_holder_item][\/qode_elements_holder][\/vc_column][\/vc_row][vc_row css_animation=&#8220;&#8220; row_type=&#8220;row&#8220; use_row_as_full_screen_section=&#8220;no&#8220; type=&#8220;full_width&#8220; angled_section=&#8220;no&#8220; text_align=&#8220;left&#8220; background_image_as_pattern=&#8220;without_pattern&#8220;][vc_column][vc_empty_space height=&#8220;250px&#8220;][\/vc_column][\/vc_row]<\/p>\n<\/div>","protected":false},"excerpt":{"rendered":"<p>[vc_row css_animation=&#8220;&#8220; row_type=&#8220;row&#8220; use_row_as_full_screen_section=&#8220;no&#8220; type=&#8220;grid&#8220; angled_section=&#8220;no&#8220; text_align=&#8220;center&#8220; background_image_as_pattern=&#8220;without_pattern&#8220; css=&#8220;.vc_custom_1519731206560{padding-top: 100px !important;}&#8220; z_index=&#8220;&#8220;][vc_column offset=&#8220;vc_col-md-6&#8243;][qode_elements_holder number_of_columns=&#8220;one_column&#8220;][qode_elements_holder_item horizontal_alignment=&#8220;left&#8220; advanced_animations=&#8220;no&#8220; item_padding=&#8220;25px 0px 0px 0px&#8220; item_padding_1280_1440=&#8220;0px 3% 0px 0px&#8220; item_padding_1024_1280=&#8220;0px 5% 0px 0px&#8220; item_padding_768_1024=&#8220;0px 2% 0px&#8220; item_padding_600_768=&#8220;0px 2% 92px&#8220; item_padding_480_600=&#8220;0px 0% 90px&#8220; item_padding_480=&#8220;0px 0% 90px&#8220;][vc_column_text] B\u00fcndner Oberl\u00e4nder Schafe [\/vc_column_text][vc_empty_space height=&#8220;25px&#8220;][vc_column_text]Das&#8230;<\/p>\n","protected":false},"author":2,"featured_media":0,"parent":0,"menu_order":0,"comment_status":"closed","ping_status":"closed","template":"full_width.php","meta":{"footnotes":""},"class_list":["post-510","page","type-page","status-publish","hentry"],"_links":{"self":[{"href":"https:\/\/hof-battaglia.ch\/landwirtschaft\/wp-json\/wp\/v2\/pages\/510","targetHints":{"allow":["GET"]}}],"collection":[{"href":"https:\/\/hof-battaglia.ch\/landwirtschaft\/wp-json\/wp\/v2\/pages"}],"about":[{"href":"https:\/\/hof-battaglia.ch\/landwirtschaft\/wp-json\/wp\/v2\/types\/page"}],"author":[{"embeddable":true,"href":"https:\/\/hof-battaglia.ch\/landwirtschaft\/wp-json\/wp\/v2\/users\/2"}],"replies":[{"embeddable":true,"href":"https:\/\/hof-battaglia.ch\/landwirtschaft\/wp-json\/wp\/v2\/comments?post=510"}],"version-history":[{"count":15,"href":"https:\/\/hof-battaglia.ch\/landwirtschaft\/wp-json\/wp\/v2\/pages\/510\/revisions"}],"predecessor-version":[{"id":903,"href":"https:\/\/hof-battaglia.ch\/landwirtschaft\/wp-json\/wp\/v2\/pages\/510\/revisions\/903"}],"wp:attachment":[{"href":"https:\/\/hof-battaglia.ch\/landwirtschaft\/wp-json\/wp\/v2\/media?parent=510"}],"curies":[{"name":"wp","href":"https:\/\/api.w.org\/{rel}","templated":true}]}}

Bündner Oberländer

<div class="wpb-content-wrapper"><p>[vc_row css_animation=&#8220;&#8220; row_type=&#8220;row&#8220; use_row_as_full_screen_section=&#8220;no&#8220; type=&#8220;grid&#8220; angled_section=&#8220;no&#8220; text_align=&#8220;center&#8220; background_image_as_pattern=&#8220;without_pattern&#8220; css=&#8220;.vc_custom_1519731206560{padding-top: 100px !important;}&#8220; z_index=&#8220;&#8220;][vc_column offset=&#8220;vc_col-md-6&#8243;][qode_elements_holder number_of_columns=&#8220;one_column&#8220;][qode_elements_holder_item horizontal_alignment=&#8220;left&#8220; advanced_animations=&#8220;no&#8220; item_padding=&#8220;25px 0px 0px 0px&#8220; item_padding_1280_1440=&#8220;0px 3% 0px 0px&#8220; item_padding_1024_1280=&#8220;0px 5% 0px 0px&#8220; item_padding_768_1024=&#8220;0px 2% 0px&#8220; item_padding_600_768=&#8220;0px 2% 92px&#8220; item_padding_480_600=&#8220;0px 0% 90px&#8220; item_padding_480=&#8220;0px 0% 90px&#8220;][vc_column_text]</p>
<h2><strong>Bündner Oberländer Schafe</strong></h2>
<p>[/vc_column_text][vc_empty_space height=&#8220;25px&#8220;][vc_column_text]Das Schaf für Individualisten, jedes ein Unikat[/vc_column_text][vc_empty_space height=&#8220;34px&#8220;][vc_column_text]Die Wurzeln des Bündner Oberländer Schaf gehen zurück auf das Tavetscher – und Nalpser Schaf. Diese sind als Nachkommen des Torfschafes bekannt, welches in der Steinzeit in Europa verbreitet war. Von da hat es noch immer die Eigenschaften sehr robust, zäh anpassungsfähig genügsam und gesund zu sein. Diese Eigenschaften nutzen wir und so sind unsere Schafe die besten Helfer bei der Arbeit exponierte, steile Weiden zu nutzen und zu Entbuschen.[/vc_column_text][vc_empty_space height=&#8220;34px&#8220;][vc_column_text]Das Fleisch ist von hervorragender Qualität, zart, mager an Fett, feinfaserig und erinnert von der Farbe und Geschmack ein wenig an Wild.[/vc_column_text][vc_empty_space height=&#8220;30px&#8220;][/qode_elements_holder_item][/qode_elements_holder][/vc_column][vc_column offset=&#8220;vc_col-md-6&#8243;][qode_elements_holder number_of_columns=&#8220;one_column&#8220;][qode_elements_holder_item advanced_animations=&#8220;no&#8220; item_padding=&#8220;0px&#8220;][vc_empty_space][vc_single_image image=&#8220;720&#8243; img_size=&#8220;full&#8220; onclick=&#8220;custom_link&#8220; img_link_target=&#8220;_blank&#8220; qode_css_animation=&#8220;&#8220; link=&#8220;https://www.bo-schaf.ch/pages/home/home.php&#8220;][vc_empty_space][vc_single_image image=&#8220;897&#8243; img_size=&#8220;full&#8220; qode_css_animation=&#8220;&#8220; qode_hover_animation=&#8220;zoom_in&#8220;][/qode_elements_holder_item][/qode_elements_holder][/vc_column][/vc_row][vc_row css_animation=&#8220;&#8220; row_type=&#8220;row&#8220; use_row_as_full_screen_section=&#8220;no&#8220; type=&#8220;full_width&#8220; angled_section=&#8220;no&#8220; text_align=&#8220;left&#8220; background_image_as_pattern=&#8220;without_pattern&#8220;][vc_column][vc_empty_space height=&#8220;250px&#8220;][/vc_column][/vc_row]</p>
</div>

<p>[vc_row css_animation=&#8220;&#8220; row_type=&#8220;row&#8220; use_row_as_full_screen_section=&#8220;no&#8220; type=&#8220;grid&#8220; angled_section=&#8220;no&#8220; text_align=&#8220;center&#8220; background_image_as_pattern=&#8220;without_pattern&#8220; css=&#8220;.vc_custom_1519731206560{padding-top: 100px !important;}&#8220; z_index=&#8220;&#8220;][vc_column offset=&#8220;vc_col-md-6&#8243;][qode_elements_holder number_of_columns=&#8220;one_column&#8220;][qode_elements_holder_item horizontal_alignment=&#8220;left&#8220; advanced_animations=&#8220;no&#8220; item_padding=&#8220;25px 0px 0px 0px&#8220; item_padding_1280_1440=&#8220;0px 3% 0px 0px&#8220; item_padding_1024_1280=&#8220;0px 5% 0px 0px&#8220; item_padding_768_1024=&#8220;0px 2% 0px&#8220; item_padding_600_768=&#8220;0px 2% 92px&#8220; item_padding_480_600=&#8220;0px 0% 90px&#8220; item_padding_480=&#8220;0px 0% 90px&#8220;][vc_column_text] Bündner Oberländer Schafe [/vc_column_text][vc_empty_space height=&#8220;25px&#8220;][vc_column_text]Das&#8230;</p>
